 = -8*a(n) - 3*d(n). What is g(l)?
-23
Let s(y) be the second derivative of -y**5/60 + 5*y**4/24 + 7*y**3/6 + 37*y**2/2 - 19*y + 1. Let r(i) be the first derivative of s(i). Calculate r(5).
7
Let s = 4 - 1. Let o(n) = 3*n - 7 + s - 4*n + 3. Suppose -5*y - 450 = -420. What is o(y)?
5
Let p(y) = -6*y**2 + 75*y - 164. Let j be p(3). Let l = -12 - -19. Let u(h) = h - h + l*h - h**2 + 5. Determine u(j).
5
Let x(h) be the second derivative of -h**6/90 - h**5/120 - h**4 - h + 29. Let y(p) be the third derivative of x(p). Give y(-2).
15
Let y be -5 - (-174 - -176)*(-1 + 0). Let l(t) = 15*t + 51. What is l(y)?
6
Let u(s) = -11*s**2 + 67*s - 27. Let g(l) = -4*l**2 + 22*l - 6. Let j(i) = 8*g(i) - 3*u(i). Calculate j(22).
-33
Let z(y) be the first derivative of -y**4/4 - 8*y**3/3 - 9*y**2/2 - 6*y + 12. Let u = 23 + -10. Let a = u + -20. Determine z(a).
8
Let k(b) = -b**2 + 13*b - 13. Let d be k(11). Let j(p) = d*p**2 - 61 - 8*p**2 + 11*p + 71. Give j(-9).
-8
Let i be (-3016)/(-522) + 2/9. Let n(q) = -q - 1. Let p(u) = 5*u + 8. Let s(g) = i*n(g) + p(g). What is s(3)?
-1
Let x(a) = 10*a**2 + 26*a - 4. Let j be 92/(-28) - ((-702)/(-91) + -8). Give x(j).
8
Let w be 36/27*6 - -1. Let a(q) = -2*q**3 + 20*q**2 - 17*q - 15. Calculate a(w).
-6
Let j(u) = -2942 + 2942 + 4*u**2. Let h(t) = -t**2 + 3*t - 1. Let i be h(0). What is j(i)?
4
Let n(j) = -12*j - 6. Let w be (-2)/26*141 - 146/949. Let x(l) = 23*l + 11. Let k(z) = w*n(z) - 6*x(z). Let o = 16 + -19. Give k(o).
18
Let r(y) = y**2 - 5. Let q(s) = 2*s - 27. Let l be q(15). Suppose -3*n + 0*t + 4*t = -33, -l = t. Let a be (n + -8 - 7*1)/(-2). Give r(a).
11
Let i(u) = 2*u**2 + 3. Let g(k) = -k**2 - k. Let o(l) = -3*g(l) - i(l). Suppose -56*t = -59*t + 114. Suppose 8*w = -t - 10. Determine o(w).
15
Let r(j) = -5 + 8 + 345*j - j**3 - 350*j. What is r(2)?
-15
Suppose -3*g - 39 = -48*o + 50*o, -2*g = o + 16. Let l(y) = -y**2 - 35*y - 149. Calculate l(o).
1
Suppose 5*b = -x + 13 - 12, -b - 4*x - 15 = 0. Let s(v) = 12*v - 33*v + 8*v + 10*v - b. Determine s(4).
-13
Suppose 10*a + 13 = 11*a. Suppose a = 3*k + 7. Let w(f) = 4*f - k*f - f - 3*f + 1. Determine w(-3).
7
Let v(n) = 9*n + 0*n + 230606 - 230603 + n**2. Determine v(-6).
-15
Let s(g) = 5*g + 123489 + 123485 - 246986. What is s(7)?
23
Let r(t) be the third derivative of t**6/120 + t**5/15 - t**4/6 - 7*t**3/6 - 1068*t**2. Calculate r(-4).
9
Let v(c) be the second derivative of c + 1/3*c**3 + 11*c**2 + 121. What is v(-8)?
6
Let k = 1930 + -1928. Let y(f) = -3*f + 117 + 2*f + 110 - 223. Give y(k).
2
Let t(u) be the second derivative of -u**4/3 + 2*u**3/3 + 4*u**2 - 1682*u. Determine t(6).
-112
Let t = 46993 + -47012. Let b(p) = 2*p**2 + 43*p + 64. What is b(t)?
-31
Let t(h) be the second derivative of 9*h**5/20 - h**4/6 + 5*h**3/6 - h**2 + 4222*h. Determine t(1).
10
Let a = -511 + 515. Suppose -a*w = 4*g - 27 - 21, 4*w - 46 = -5*g. Let f(y) = y**2 - 16*y + 28. What is f(w)?
0
Suppose -c + 4 = 3. Let q be ((-16)/(-2) - c) + -1. Let t(p) be the third derivative of -p**6/120 + p**5/10 - 5*p**3/6 - 976*p**2. Calculate t(q).
-5
Let b be -3*3*3661/(-63). Let n(k) = b - 2*k - 1044 + 522. What is n(5)?
-9
Let h(w) = -w**2 - 18*w + 98. Let z(s) = s**3 + 4*s**2 - 40*s + 10. Let v be z(4). Let u be h(v). Let m(x) = -x**2 + 8*x + 12. Determine m(u).
-8
Suppose -4*c - 2 = -4*k + 14, 3*k - 4 = -5*c. Suppose 0 = -k*p - b + 30, 2*b = 2*p + b - 15. Let l(r) = -r**2 + 9*r - 1. Determine l(p).
-1
Suppose 0 = 5*j - 50, -j + 374 - 370 = -v. Let r(y) = -5*y + 6. Let z(b) = -9*b + 12. Let m(d) = -7*r(d) + 4*z(d). Determine m(v).
0
Let p(x) = 0*x - 12 - x + 3 - 4 - 3*x**2. Let o(v) = -5*v**2 - v - 20. Let r(t) = 5*o(t) - 8*p(t). What is r(5)?
-6
Suppose -99*c + 10 = -98*c. Let n(p) = -48*p**2 - c*p - 15 + 23*p**2 + 5 + p**3 + 33*p**2. Suppose -w - 36 = 3*w. Determine n(w).
-1
Let x(l) = l**3 - 7*l**2 + l + 1. Let y be 24 + -22 + (-3)/((-9)/6). Suppose y*b = 3*o + 37, 5*b + 30 - 71 = 2*o. Determine x(b).
8
Let l(j) be the first derivative of -1/4*j**4 - 2/3*j**3 + 1/2*j**2 - 2*j - 117. Suppose -a - 12 = 3*a. Determine l(a).
4
Let u(k) = k**3 + 5*k**2 - 7*k + 6. Suppose -9*b + 8 = -11*b. Let y(d) = -d**2 - d + 4. Let p be y(b). Let h(q) = -q - 14. Let m be h(p). Determine u(m).
12
Let w = 61 + -38. Suppose n + w = 29. Let x(z) = 4*z + 4. Give x(n).
28
Let y be (0/((-4)/(-2)))/1. Let f(w) be the first derivative of -w**2/2 + 14*w + 2235. Give f(y).
14
Let b(k) = k**2 + k - 1. Suppose 2*j + 4*q - 5*q = -2, 4*j - 3*q + 4 = 0. Let l(s) = -s**3 - 3*s**2 - 3*s - 1. Let y be l(j). Give b(y).
-1
Let g(s) = -35*s + 24. Let k(b) = 31*b - 22. Let f(v) = 8*g(v) + 9*k(v). Determine f(-15).
9
Let z(v) = -34*v - 97. Suppose 0 = -44*r + 55*r + 33. What is z(r)?
5
Let t(x) = -2*x + 18. Let y = 319 + -325. Let v be 4/y*-6 - (-180)/30. Determine t(v).
-2
Suppose -8*z - 83 = -123. Suppose -3 = 2*p - 4*t - 11, -t = z*p - 20. Let x(l) = -l**3 + 3*l**2. Determine x(p).
-16
Let l(h) be the third derivative of h**4/6 + 3*h**3/2 - 816*h**2. Calculate l(5).
29
Suppose 4*x - 778 = -q, -780 = -4*x - 0*x - 2*q. Suppose -2*s = 5*y - 92, 4*y + y = -4*s + x. Let i = 51 - s. Let w(r) = -r**3 + 7. Calculate w(i).
7
Let d(o) = 21*o + 37. Let w(l) = -113*l - 188. Let c(b) = 11*d(b) + 2*w(b). Give c(16).
111
Let k(a) = -35 - 33 + 113 - 38 + 3*a. Calculate k(-6).
-11
Let g(s) = 23*s**3 + 18*s - 22. Let c(x) = 50*x**3 + x**2 + 40*x - 45. Let p(t) = -6*c(t) + 13*g(t). Determine p(-6).
20
Let x(j) = 46*j**2 + 19*j - 38. Let i(a) = 25*a**2 + 11*a - 18. Let k(v) = -11*i(v) + 6*x(v). Give k(-9).
114
Let r be (36/(-20))/((5/(-25))/1). Suppose r*n = -n + 30. Let f(c) = 12*c**2 - 2*c + 3*c + 2*c + n - 14*c**2. Give f(-3).
-24
Let w(d) = -4*d**2 - d + 1. Suppose -20*n + 16*n = 384. Let j = 97 + n. What is w(j)?
-4
Let x(f) = -f**3 - 7*f**2 - f + 1. Let m be (-1 - 2)/(-3) - (-25 + 34). Give x(m).
73
Let p(q) = 8*q - 180. Let b = -20607 + 20630. Determine p(b).
4
Let j(z) = -3*z**2 - 46*z + 31. Let o = 20773 - 20789. Give j(o).
-1
Let d(r) = r**3 + 2*r**2 - 26*r - 10. Let y be d(-6). Let b(v) = -4*v - 56 + 124 - 6*v - 3*v**y - 55 + 4*v**2. Calculate b(8).
-3
Let v(k) be the third derivative of -k**5/120 + k**4/2 + 14*k**3/3 - 2*k**2 + 3. Let l(y) be the first derivative of v(y). Give l(10).
2
Suppose -40 = -14*o + 9*o. Let v(p) = 1 - p**3 - o - 7*p**2 - 2*p**2 - 8*p. Let x be (-2)/11 - ((-378)/(-99) + 4). Calculate v(x).
-7
Let b be (100/(-6)*(-3)/15)/((-2)/15). Let h(d) = -2*d - 48. Give h(b).
2
Let k = 426 + -424. Let q(y) = -14 + 2 - 2*y**3 + y**3 + 5 - 6*y**k + 14 + 7*y. Determine q(-7).
7
Let n(y) = y**3 - 10*y**2 + 9*y - 6. Let s = 42 + -63. Let w = -6 - s. Suppose -5*t + 3*p + 60 = 0, w = -4*p - 5. Determine n(t).
-6
Let l = 151 + -147. Let w(d) = 18*d + 2 - 12*d - l. Determine w(6).
34
Let h(r) = r**3 - 3*r**2 + 5*r - 5. Let d be h(2). Let q(i) = 5*i**2 - i. Let o be q(d). Let y(u) be the second derivative of u**4/12 - 2*u**3/3 - u. Give y(o).
0
Let f(n) = n**3 - 5*n**2 - 45*n + 228. Let y be f(6). Let d(j) = j**2 + 4*j + 4. What is d(y)?
16
Let o(l) = -l**2 - 5*l - 1. Let s(a) = -a**2 + 14*a - 35. Let v be s(10). Let t = -79 - v. Let u = 82 + t. Determine o(u).
5
Let r(v) = -405*v + 10. Let l(p) = -68*p + 3. Let j(w) = 6*l(w) - r(w). Suppose -4*n + 6 = -4*k - 46, 0 = 4*n - 5*k - 57. What is j(n)?
-16
Suppose 7*c - 4*c - 271 = -4*j, 3*j - 5*c - 225 = 0. Let l be ((-3)/(-6))/(7/j). Let o(m) = 14 - 32 - m + 14. Determine o(l).
-9
Let q(v) = 14*v - 121. Suppose -5*i = 7*t - 63, -t - 15*i + 9 = -10*i. What is q(t)?
5
Suppose 3 = 7*r - 18. Let c(h) = 4 - h - 3 + 15 + r + 4. What is c(0)?
23
Suppose 192 = 60*o - 28*o. Let b(w) = 5*w + 1. Let g(a) = -5*a - 3. Let m(i) = -3*b(i) - 2*g(i). Calculate m(o).
-27
Let l(j) = -j**3 - 11*j**2 - 18*j - 9. Let n(m) = 3*m**3 + 33*m**2 + 51*m + 28. Let k(v) = -17*l(v) - 6*n(v). What is k(-11)?
-15
Let v(t) = 2*t - 16. Let s be v(9). Suppose 228 = 2*f + s*h, 5*f - 525 - 77 = 3*h. Let b = 124 - f. Let g(k) = -k**3 + 8*k**2 - 9*k + 9. Give g(b).
27
Suppose 4*t - 6*t = -3*i - 283, -5*t + 673 = 4*i. Let r(x) = 6*x - 273 + 136 + t. Give r(2).
12
Let u(k) = 22*k - 4. Let d(s) = -33*s + 5. Let i(c) = -6*c - 67. Let p be i(-12). Let l(f) = p*d(f) + 7*u(f). Determine l(-2).
19
Let p(n) be the first derivative 